ple of 1864?
True
Is 553 a factor of 140960806?
True
Is 85 a factor of 41533975?
True
Is 62161250 a multiple of 625?
True
Does 855 divide 482972358?
False
Is 281 a factor of 24440818?
True
Does 37 divide 29172724?
True
Is 14 a factor of 25222761?
False
Does 4 divide 51343544?
True
Does 270 divide 26475115?
False
Is 1479734586 a multiple of 2132?
False
Is 1709963958 a multiple of 198?
False
Does 19 divide 56572044?
True
Is 2 a factor of 507013727?
False
Is 1657351 a multiple of 6?
False
Is 165 a factor of 32301885?
True
Is 85 a factor of 401599021?
False
Does 55 divide 13495460?
True
Is 6 a factor of 141076332?
True
Does 401 divide 21599853?
False
Does 3093 divide 1814134197?
True
Does 663 divide 20068347?
True
Is 1641 a factor of 20765214?
True
Is 169 a factor of 60549658?
True
Does 18 divide 88434630?
True
Is 259 a factor of 3374792533?
True
Is 3978 a factor of 1919425664?
False
Does 202 divide 710533182?
True
Does 864 divide 5257921012?
False
Is 32930688 a multiple of 24?
True
Is 8019433 a multiple of 147?
False
Does 74 divide 467503436?
True
Is 90 a factor of 225086220?
True
Does 47 divide 662121037?
False
Is 1803524945 a multiple of 1615?
False
Is 246863253 a multiple of 21?
True
Is 439226640 a multiple of 2817?
True
Does 766 divide 2461924?
True
Does 8863 divide 1591121212?
True
Does 26 divide 4399668?
True
Is 188786330 a multiple of 1463?
False
Is 215 a factor of 170229016?
False
Is 572076801 even?
False
Is 2388456786 a multiple of 34?
True
Is 1871 a factor of 1477607282?
True
Does 341 divide 60603543?
True
Is 27990325 a multiple of 2435?
True
Does 983 divide 141996316?
True
Does 21 divide 1094592270?
False
Does 7 divide 33113732?
False
Is 217322715 a multiple of 5?
True
Does 24 divide 326215073?
False
Is 9822974 a multiple of 149?
True
Does 94 divide 824178344?
False
Is 102 a factor of 272339780?
False
Does 18 divide 3140502023?
False
Is 193 a factor of 60877447?
False
Does 7322 divide 1248613338?
True
Is 167 a factor of 181734577?
True
Does 125 divide 1797265547?
False
Is 11 a factor of 441846346?
False
Is 12587650 a multiple of 170?
True
Is 159249666 a multiple of 89?
False
Is 207144159 a multiple of 3?
True
Is 71544957 a multiple of 22?
False
Is 415 a factor of 3920878?
False
Is 123709472 a multiple of 1499?
True
Is 93229899 a multiple of 259?
True
Is 382039798 a multiple of 161?
True
Is 314923176 a multiple of 3496?
True
Does 120 divide 93229610?
False
Is 645 a factor of 1940805?
True
Is 354738483 a multiple of 20?
False
Is 2893365 a multiple of 1017?
True
Does 511 divide 6799929122?
True
Does 1125 divide 226573875?
True
Is 29 a factor of 178521434?
False
Does 5963 divide 1711977300?
True
Is 79967124 a multiple of 114?
True
Is 4 a factor of 8222932?
True
Is 8 a factor of 163451906?
False
Is 303741342 a multiple of 99?
False
Does 284 divide 527668272?
False
Does 327 divide 241151560?
False
Is 513122103 a multiple of 397?
True
Is 21643200 a multiple of 135?
True
Is 52 a factor of 499073055?
False
Is 16 a factor of 63326201?
False
Is 460975 a multiple of 2201?
False
Does 100 divide 3225014394?
False
Is 431691568 a multiple of 4312?
True
Is 115148448 a multiple of 10512?
True
Is 296 a factor of 41259645?
False
Is 754 a factor of 19078067?
False
Is 4848419 a multiple of 41?
False
Is 3 a factor of 167917588?
False
Does 187 divide 873869806?
False
Does 12 divide 930810432?
True
Is 79 a factor of 15418351?
True
Is 2741364232 a multiple of 16?
False
Is 11 a factor of 844720018?
False
Does 126 divide 525041874?
True
Is 21246192 a multiple of 22?
True
Is 31945458 a multiple of 2334?
True
Is 747 a factor of 54799920?
True
Is 886549133 a multiple of 1163?
False
Is 34 a factor of 24148398?
True
Does 24 divide 666956934?
False
Is 801 a factor of 8049344?
False
Is 5701 a factor of 380935119?
True
Does 2902 divide 57279307?
False
Is 478 a factor of 62411976?
False
Does 9 divide 164873998?
False
Is 24 a factor of 124511637?
False
Does 52 divide 23449840?
False
Does 83 divide 953995659?
False
Does 1100 divide 12413500?
True
Is 106568111 a multiple of 10?
False
Is 2668 a factor of 190116768?
False
Is 578728056 a multiple of 3?
True
Is 3455385533 a multiple of 2371?
False
Is 54495369 a multiple of 670?
False
Is 98 a factor of 212062666?
False
Is 6349162 even?
True
Is 16939297 a multiple of 48?
False
Does 93 divide 6282243?
True
Does 44 divide 25750606?
False
Does 69 divide 128025705?
True
Is 17532585 a multiple of 56?
False
Is 430428505 a multiple of 3965?
True
Is 1119736831 a multiple of 1106?
False
Does 344 divide 317174536?
True
Is 2579638048 a multiple of 416?
True
Is 23 a factor of 3184350?
True
Is 37146463 a multiple of 589?
True
Does 21 divide 27857025?
True
Is 231 a factor of 146536929?
True
Does 49 divide 458509660?
True
Does 16 divide 1012949792?
True
Is 1734 a factor of 961241166?
True
Is 48611975 a multiple of 1714?
False
Is 4501 a factor of 1077107304?
True
Does 142 divide 10651846?
True
Is 6 a factor of 8978690?
False
Does 1511 divide 3671256986?
False
Is 103656016 a multiple of 35?
False
Is 42417641 a multiple of 120?
False
Is 30574379 a multiple of 14?
False
Is 52 a factor of 19956820?
True
Is 204037496 a multiple of 1876?
False
Is 129243844 a multiple of 19?
False
Does 483 divide 297260901?
True
Is 19107363 a multiple of 605?
False
Is 1019 a factor of 21315592?
False
Does 730 divide 9942600?
True
Does 16 divide 3245616?
True
Is 1996542548 a multiple of 485?
False
Does 2221 divide 27121827?
False
Does 76 divide 1612148142?
False
Is 1394 a factor of 57473226?
True
Does 342 divide 534510962?
False
Is 13 a factor of 1417035269?
True
Is 691 a factor of 2158149?
False
Is 2704605490 a multiple of 3192?
False
Is 375 a factor of 659327625?
True
Does 509 divide 97788369?
False
Is 2265444160 a multiple of 16?
True
Is 44 a factor of 571814011?
False
Is 387583441 a multiple of 359?
False
Is 68952954 a multiple of 21?
True
Is 38225720 a multiple of 292?
True
Is 24740967 a multiple of 17?
True
Is 87216897 a multiple of 1633?
True
Is 184 a factor of 68306709?
False
Is 2673 a factor of 123971304?
False
Is 22 a factor of 125003956?
True
Is 273 a factor of 76729653?
True
Is 11799379 a multiple of 2?
False
Does 112 divide 1713485200?
True
Does 85 divide 582414569?
False
Is 58822846 a multiple of 373?
True
Does 29 divide 4425168?
True
Is 22 a factor of 62651978?
False
Does 9 divide 1795288455?
True
Does 908 divide 728395784?
True
Is 17 a factor of 994939938?
False
Is 66 a factor of 432451349?
False
Does 572 divide 179325115?
False
Is 1204615542 a multiple of 494?
True
Is 1436359297 a multiple of 251?
True
Does 27 divide 12876084?
True
Does 3 divide 834575?
False
Does 1337 divide 63322626?
False
Does 8 divide 8504694?
False
Is 2374 a factor of 276362088?
True
Is 16 a factor of 103747174?
False
Does 1281 divide 43593579?
False
Is 726699918 a multiple of 102?
True
Is 305223980 a multiple of 380?
True
Is 855085225 a multiple of 1245?
False
Is 20 a factor of 308003?
False
Does 25 divide 1164341525?
True
Is 46 a factor of 383556417?
False
Is 232 a factor of 697657104?
False
Is 873 a factor of 12984129?
True
Is 389 a factor of 1420701910?
True
Is 84 a factor of 1169725619?
False
Does 12 divide 1774800?
True
Is 6 a factor of 26733953?
False
Does 23 divide 10960167?
True
Is 24 a factor of 3075665952?
True
Is 18 a factor of 39964645?
False
Is 29818666 a multiple of 1320?
False
Does 934 divide 20874379?
False
Is 1984 a factor of 1641301696?
True
Is 78 a factor of 1467753612?
True
Does 1507 divide 2727142891?
False
Does 762 divide 203188437?
False
Does 1514 divide 272596556?
False
Is 31499850 a multiple of 15?
True
Is 1331 a factor of 11634271?
True
Is 390795753 a multiple of 131?
False
Is 1316298440 a multiple of 2788?
True
Does 2889 divide 53091153?
True
Is 30 a factor of 34819917?
False
Does 38 divide 3708800?
True
Is 1167221969 a multiple of 359?
False
Does 57 divide 6718647?
True
Is 4075 a factor of 338998355?
False
Is 837 a factor of 129386725?
False
Is 66441613 a multiple of 823?
True
Is 12026445 a multiple of 29?
True
Is 11473951 a multiple of 932?
False
Is 66962200 a multiple of 184?
True
Does 8 divide 15330776?
True
Is 44 a factor of 25874168?
False
Does 12027 divide 380187952?
False
Is 193 a factor of 67723914?
False
Is 1062 a factor of 1014358474?
Fals